{"id":8302,"date":"2020-06-19T09:19:54","date_gmt":"2020-06-19T09:19:54","guid":{"rendered":"https:\/\/iq-well.info\/?page_id=8302"},"modified":"2020-06-19T09:19:54","modified_gmt":"2020-06-19T09:19:54","slug":"wasser-die-zentrale-bedeutung-des-wassers-fuer-die-gesundheit","status":"publish","type":"page","link":"https:\/\/iq-well.info\/?page_id=8302","title":{"rendered":"Wasser &#8211; die zentrale Bedeutung des Wassers f\u00fcr die Gesundheit"},"content":{"rendered":"<section class=\"l-section wpb_row height_small\"><div class=\"l-section-h i-cf\"><div class=\"g-cols vc_row type_default valign_top\"><div class=\"vc_col-sm-12 wpb_column vc_column_container animate_afl\" style=\"animation-delay:0.2s;\"><div class=\"vc_column-inner\"><div class=\"wpb_wrapper\"><div class=\"wpb_text_column\" ><div class=\"wpb_wrapper\"><h3 id=\"u99296-2\" style=\"text-align: center;\"><span style=\"color: #3366ff;\">Die zentrale Bedeutung des Wassers f\u00fcr die Gesundheit<\/span><\/h3>\n<\/div><\/div><\/div><\/div><\/div><\/div><\/div><\/section><section class=\"l-section wpb_row height_small color_footer-bottom with_img parallax_fixed with_overlay\"><div class=\"l-section-img\" style=\"background-image: url(https:\/\/iq-well.info\/wp-content\/uploads\/2017\/10\/iq-well-1.png);\" data-img-width=\"1920\" data-img-height=\"1080\"><\/div><div class=\"l-section-overlay\" style=\"background: rgba(255,255,255,0.5)\"><\/div><div class=\"l-section-h i-cf\"><div class=\"g-cols vc_row type_default valign_top\"><div class=\"vc_col-sm-12 wpb_column vc_column_container animate_afc\" style=\"animation-delay:0.2s;\"><div class=\"vc_column-inner\"><div class=\"wpb_wrapper\"><div class=\"w-image style_outlined align_center\"><div class=\"w-image-h\"><img width=\"267\" height=\"400\" src=\"https:\/\/iq-well.info\/wp-content\/uploads\/2017\/11\/strukturiertes_wasser_15-1.jpg\" class=\"attachment-full size-full\" alt=\"\" decoding=\"async\" loading=\"lazy\" srcset=\"https:\/\/iq-well.info\/wp-content\/uploads\/2017\/11\/strukturiertes_wasser_15-1.jpg 267w, https:\/\/iq-well.info\/wp-content\/uploads\/2017\/11\/strukturiertes_wasser_15-1-200x300.jpg 200w\" sizes=\"(max-width: 267px) 100vw, 267px\" \/><\/div><\/div><\/div><\/div><\/div><\/div><\/div><\/section><section class=\"l-section wpb_row height_small\"><div class=\"l-section-h i-cf\"><div class=\"g-cols vc_row type_default valign_top\"><div class=\"vc_col-sm-12 wpb_column vc_column_container animate_afl\" style=\"animation-delay:0.2s;\"><div class=\"vc_column-inner\"><div class=\"wpb_wrapper\"><div class=\"wpb_text_column\" ><div class=\"wpb_wrapper\"><p id=\"u99327-2\" style=\"text-align: justify;\">Im Alltag\u00a0 steht uns selten Heilwasser zur Verf\u00fcgung, wir aber st\u00e4ndig mit den\u00a0 Be- und \u00dcberlastungen konfrontiert sind, erscheint es sinnvoll, nach anderen M\u00f6glichkeiten Ausschau zu halten lebendiges, energiereiches Wasser zu uns zu nehmen. Das Wasser, das uns normalerweise zur Verf\u00fcgung steht, erf\u00fcllt diese Anforderung \u00fcblicherweise nicht. Daher wurde ein Revitalisierungsverfahren entwickelt, damit die Qualit\u00e4t unseres Lebensmittels Nr. 1 .eine bessere biologische Verwertbarkeit\u00a0 zuf\u00fcgt. Eine St\u00e4rkung des Immunsystems scheint dabei ebenfalls wahrscheinlich.<\/p>\n<h3 id=\"u99327-5\" style=\"text-align: center;\"><span style=\"color: #3366ff;\">Strukturiertes Wasser kann die Schl\u00fcsselaufgaben im Organismus besser erf\u00fcllen.<\/span><\/h3>\n<h3 style=\"text-align: center;\"><span style=\"color: #3366ff;\">Wenn Sie energiereiches, lebendiges Wasser in Quellwasserqualit\u00e4t wollen, m\u00fcssen Sie selbst aktiv werden!<\/span><\/h3>\n<\/div><\/div><\/div><\/div><\/div><\/div><\/div><\/section>\n","protected":false},"excerpt":{"rendered":"Die zentrale Bedeutung des Wassers f\u00fcr die Gesundheit Im Alltag\u00a0 steht uns selten Heilwasser zur Verf\u00fcgung, wir aber st\u00e4ndig mit den\u00a0 Be- und \u00dcberlastungen konfrontiert sind, erscheint es sinnvoll, nach anderen M\u00f6glichkeiten Ausschau zu halten lebendiges, energiereiches Wasser zu uns zu nehmen. Das Wasser, das uns normalerweise zur Verf\u00fcgung steht, erf\u00fcllt diese Anforderung \u00fcblicherweise nicht....","protected":false},"author":1,"featured_media":0,"parent":0,"menu_order":0,"comment_status":"closed","ping_status":"closed","template":"","meta":{"footnotes":""},"_links":{"self":[{"href":"https:\/\/iq-well.info\/index.php?rest_route=\/wp\/v2\/pages\/8302"}],"collection":[{"href":"https:\/\/iq-well.info\/index.php?rest_route=\/wp\/v2\/pages"}],"about":[{"href":"https:\/\/iq-well.info\/index.php?rest_route=\/wp\/v2\/types\/page"}],"author":[{"embeddable":true,"href":"https:\/\/iq-well.info\/index.php?rest_route=\/wp\/v2\/users\/1"}],"replies":[{"embeddable":true,"href":"https:\/\/iq-well.info\/index.php?rest_route=%2Fwp%2Fv2%2Fcomments&post=8302"}],"version-history":[{"count":1,"href":"https:\/\/iq-well.info\/index.php?rest_route=\/wp\/v2\/pages\/8302\/revisions"}],"predecessor-version":[{"id":8326,"href":"https:\/\/iq-well.info\/index.php?rest_route=\/wp\/v2\/pages\/8302\/revisions\/8326"}],"wp:attachment":[{"href":"https:\/\/iq-well.info\/index.php?rest_route=%2Fwp%2Fv2%2Fmedia&parent=8302"}],"curies":[{"name":"wp","href":"https:\/\/api.w.org\/{rel}","templated":true}]}}