{"id":8303,"date":"2020-06-19T09:10:44","date_gmt":"2020-06-19T09:10:44","guid":{"rendered":"https:\/\/iq-well.info\/?page_id=8303"},"modified":"2020-06-19T09:13:06","modified_gmt":"2020-06-19T09:13:06","slug":"wasser-sauberes-wasser-ist-noch-lange-kein-gesundes-wasser","status":"publish","type":"page","link":"https:\/\/iq-well.info\/?page_id=8303","title":{"rendered":"Wasser &#8211; sauberes Wasser ist noch lange kein gesundes Wasser"},"content":{"rendered":"<section class=\"l-section wpb_row height_small\"><div class=\"l-section-h i-cf\"><div class=\"g-cols vc_row type_default valign_top\"><div class=\"vc_col-sm-12 wpb_column vc_column_container animate_afl\" style=\"animation-delay:0.2s;\"><div class=\"vc_column-inner\"><div class=\"wpb_wrapper\"><div class=\"wpb_text_column\" ><div class=\"wpb_wrapper\"><h2 id=\"pu99243\" class=\"clearfix colelem\" style=\"text-align: center;\"><span style=\"color: #3366ff;\">Sauberes Wasser ist noch lange kein gesundes Wasser<\/span><\/h2>\n<\/div><\/div><\/div><\/div><\/div><\/div><\/div><\/section><section class=\"l-section wpb_row height_small color_footer-bottom with_img parallax_fixed with_overlay\"><div class=\"l-section-img\" style=\"background-image: url(https:\/\/iq-well.info\/wp-content\/uploads\/2017\/10\/iq-well-1.png);\" data-img-width=\"1920\" data-img-height=\"1080\"><\/div><div class=\"l-section-overlay\" style=\"background: rgba(255,255,255,0.5)\"><\/div><div class=\"l-section-h i-cf\"><div class=\"g-cols vc_row type_default valign_top\"><div class=\"vc_col-sm-12 wpb_column vc_column_container animate_afc\" style=\"animation-delay:0.2s;\"><div class=\"vc_column-inner\"><div class=\"wpb_wrapper\"><div class=\"w-image style_outlined align_center\"><div class=\"w-image-h\"><img width=\"1395\" height=\"783\" src=\"https:\/\/iq-well.info\/wp-content\/uploads\/2017\/05\/flasche-1.jpg\" class=\"attachment-full size-full\" alt=\"\" decoding=\"async\" loading=\"lazy\" srcset=\"https:\/\/iq-well.info\/wp-content\/uploads\/2017\/05\/flasche-1.jpg 1395w, https:\/\/iq-well.info\/wp-content\/uploads\/2017\/05\/flasche-1-300x168.jpg 300w, https:\/\/iq-well.info\/wp-content\/uploads\/2017\/05\/flasche-1-1024x575.jpg 1024w, https:\/\/iq-well.info\/wp-content\/uploads\/2017\/05\/flasche-1-600x337.jpg 600w, https:\/\/iq-well.info\/wp-content\/uploads\/2017\/05\/flasche-1-768x431.jpg 768w\" sizes=\"(max-width: 1395px) 100vw, 1395px\" \/><\/div><\/div><\/div><\/div><\/div><\/div><\/div><\/section><section class=\"l-section wpb_row height_small\"><div class=\"l-section-h i-cf\"><div class=\"g-cols vc_row type_default valign_top\"><div class=\"vc_col-sm-12 wpb_column vc_column_container animate_afl\" style=\"animation-delay:0.2s;\"><div class=\"vc_column-inner\"><div class=\"wpb_wrapper\"><div class=\"wpb_text_column\" ><div class=\"wpb_wrapper\"><div id=\"pu99243\" class=\"clearfix colelem\" style=\"text-align: justify;\">Chemische Reinheit, wie sie durch Filterung erreicht wird, ist ein erster Schritt, aber tats\u00e4chlich legten Forschungen nahe, dass es einen zweiten Schritt zu geben scheint, der das reine Wasser strukturell neu ordnet und in hexagonales Wasser verwandelt. Nicht nur die chemische Beschaffenheit, sondern vor allem die Struktur der Wassermolek\u00fcle sind ausschlaggebend f\u00fcr die biologische Qualit\u00e4t. Viktor Schauberger, einer der wohl bedeutendsten Naturforscher, besch\u00e4ftigte sich sehr intensiv mit den Ph\u00e4nomenen von Wasser. Er zeigte klar auf, dass die falschen Bewegungsformen unseres Wassers, wie zum Beispiel begradigte und gestaute Fl\u00fcsse oder hoher Druck in runden Leitungsrohren, die nat\u00fcrlichen Energien im Wasser zerst\u00f6ren. Ebenso wie das Wasser heilvolle, positive Informationen aufnehmen kann, was durch die positive Wirkung von Quell- und Heilw\u00e4ssern bekannt ist, vermag das Wasser auch sch\u00e4dliche, negative Schwingungen zu speichern. Diese k\u00f6nnen eine St\u00f6rung der Zell- sowie Biokommunikation in unserem hochkomplizierten Organismus verursachen. Sauberes Wasser ist also noch lange kein gesundes Wasser. Was wir in der Regel trinken, ist meist Wasser ohne ausreichende biologische Aktivit\u00e4t, weil die informationstragenden Strukturen auf dem langen Weg verloren gegangen sind. Das bedeutet, dass selbst die sch\u00e4dlichen Stoffe, die vom Wasserwerk herausgefiltert werden, immer noch eine negative Auswirkung haben k\u00f6nnten.<\/div>\n<\/div><\/div><\/div><\/div><\/div><\/div><\/div><\/section>\n","protected":false},"excerpt":{"rendered":"Sauberes Wasser ist noch lange kein gesundes Wasser Chemische Reinheit, wie sie durch Filterung erreicht wird, ist ein erster Schritt, aber tats\u00e4chlich legten Forschungen nahe, dass es einen zweiten Schritt zu geben scheint, der das reine Wasser strukturell neu ordnet und in hexagonales Wasser verwandelt. Nicht nur die chemische Beschaffenheit, sondern vor allem die Struktur...","protected":false},"author":1,"featured_media":0,"parent":0,"menu_order":0,"comment_status":"closed","ping_status":"closed","template":"","meta":{"footnotes":""},"_links":{"self":[{"href":"https:\/\/iq-well.info\/index.php?rest_route=\/wp\/v2\/pages\/8303"}],"collection":[{"href":"https:\/\/iq-well.info\/index.php?rest_route=\/wp\/v2\/pages"}],"about":[{"href":"https:\/\/iq-well.info\/index.php?rest_route=\/wp\/v2\/types\/page"}],"author":[{"embeddable":true,"href":"https:\/\/iq-well.info\/index.php?rest_route=\/wp\/v2\/users\/1"}],"replies":[{"embeddable":true,"href":"https:\/\/iq-well.info\/index.php?rest_route=%2Fwp%2Fv2%2Fcomments&post=8303"}],"version-history":[{"count":2,"href":"https:\/\/iq-well.info\/index.php?rest_route=\/wp\/v2\/pages\/8303\/revisions"}],"predecessor-version":[{"id":8322,"href":"https:\/\/iq-well.info\/index.php?rest_route=\/wp\/v2\/pages\/8303\/revisions\/8322"}],"wp:attachment":[{"href":"https:\/\/iq-well.info\/index.php?rest_route=%2Fwp%2Fv2%2Fmedia&parent=8303"}],"curies":[{"name":"wp","href":"https:\/\/api.w.org\/{rel}","templated":true}]}}