{"id":8330,"date":"2020-06-19T09:50:41","date_gmt":"2020-06-19T09:50:41","guid":{"rendered":"https:\/\/iq-well.info\/?page_id=8330"},"modified":"2020-06-19T09:52:13","modified_gmt":"2020-06-19T09:52:13","slug":"lebenswellen-technologie-aus-der-weltraumforschung","status":"publish","type":"page","link":"https:\/\/iq-well.info\/?page_id=8330","title":{"rendered":"Lebenswellen &#8211; Technologie aus der Weltraumforschung"},"content":{"rendered":"<section class=\"l-section wpb_row height_small\"><div class=\"l-section-h i-cf\"><div class=\"g-cols vc_row type_default valign_top\"><div class=\"vc_col-sm-12 wpb_column vc_column_container animate_afl\" style=\"animation-delay:0.2s;\"><div class=\"vc_column-inner\"><div class=\"wpb_wrapper\"><div class=\"wpb_text_column\" ><div class=\"wpb_wrapper\"><div id=\"u99126-7\" class=\"IQ-WELL-Standarttext Text-Color-Lighter-Shade clearfix colelem\">\n<h2 id=\"u98766-2\" style=\"text-align: center;\"><span style=\"color: #3366ff;\">Technologie aus der Weltraumforschung<\/span><\/h2>\n<p style=\"text-align: justify;\">Am Anfang sollten die MMW-Anwendungen nur der russischen Raumfahrt zur Verf\u00fcgung stehen. Der Sinn dieser Entwicklung bestand darin, eine schnelle und effektive Beseitigung von Disharmonien und Dysfunktionen im K\u00f6rper zu erm\u00f6glichen. S\u00e4mtliche\u00a0 Erkrankungen die <span style=\"display: inline !important; float: none; background-color: transparent; color: #333333; cursor: text; font-family: -apple-system,BlinkMacSystemFont,'Segoe UI',Roboto,Oxygen-Sans,Ubuntu,Cantarell,'Helvetica Neue',sans-serif; font-size: 16px; font-style: normal; font-variant: normal; font-weight: 400; letter-spacing: normal; orphans: 2; text-align: left; text-decoration: none; text-indent: 0px; text-transform: none; -webkit-text-stroke-width: 0px; white-space: normal; word-spacing: 0px;\">bei l\u00e4ngerer Zeit an Bord von Raumschiffen auftreten\u00a0 konnten, sollten <\/span>ohne Arzt und\u00a0 ohne Einnahme von Medikamenten durchzustehen sein.<\/p>\n<p style=\"text-align: justify;\">Vor ca. 15 Jahren wurde diese Technologie der \u00d6ffentlichkeit zug\u00e4nglich gemacht, fand in Kliniken ihre Verwendung und erzielte gro\u00dfartige Erfolge. F\u00fcr ihre Aktivit\u00e4ten und die Entwicklungen erhielten die Produzenten dieser Technologie hochdotierte internationale und nationale Auszeichnungen.<\/p>\n<p style=\"text-align: justify;\">Die ersten praktischen Untersuchungen dazu hat der russische Wissenschaftler Deviatkoff\u00a0 durchgef\u00fchrt. Auf der Basis von\u00a0 Untersuchungen der 60er- und 70er- Jahre begannen in den 80er Jahren die ersten therapeutischen Anwendungen im klinischen Bereich f\u00fcr\u00a0 die Weltraum-Forschung.<\/p>\n<\/div>\n<\/div><\/div><\/div><\/div><\/div><\/div><\/div><\/section><section class=\"l-section wpb_row height_small color_footer-bottom with_img parallax_fixed with_overlay\"><div class=\"l-section-img\" style=\"background-image: url(https:\/\/iq-well.info\/wp-content\/uploads\/2017\/10\/iq-well-1.png);\" data-img-width=\"1920\" data-img-height=\"1080\"><\/div><div class=\"l-section-overlay\" style=\"background: rgba(255,255,255,0.5)\"><\/div><div class=\"l-section-h i-cf\"><div class=\"g-cols vc_row type_default valign_top\"><div class=\"vc_col-sm-12 wpb_column vc_column_container animate_afc\" style=\"animation-delay:0.2s;\"><div class=\"vc_column-inner\"><div class=\"wpb_wrapper\"><div class=\"w-image style_outlined align_center\"><div class=\"w-image-h\"><img width=\"400\" height=\"400\" src=\"https:\/\/iq-well.info\/wp-content\/uploads\/2017\/11\/millimeterwellen_2-1.jpg\" class=\"attachment-full size-full\" alt=\"\" decoding=\"async\" loading=\"lazy\" srcset=\"https:\/\/iq-well.info\/wp-content\/uploads\/2017\/11\/millimeterwellen_2-1.jpg 400w, https:\/\/iq-well.info\/wp-content\/uploads\/2017\/11\/millimeterwellen_2-1-300x300.jpg 300w, https:\/\/iq-well.info\/wp-content\/uploads\/2017\/11\/millimeterwellen_2-1-150x150.jpg 150w\" sizes=\"(max-width: 400px) 100vw, 400px\" \/><\/div><\/div><\/div><\/div><\/div><\/div><\/div><\/section>\n","protected":false},"excerpt":{"rendered":"Technologie aus der Weltraumforschung Am Anfang sollten die MMW-Anwendungen nur der russischen Raumfahrt zur Verf\u00fcgung stehen. Der Sinn dieser Entwicklung bestand darin, eine schnelle und effektive Beseitigung von Disharmonien und Dysfunktionen im K\u00f6rper zu erm\u00f6glichen. S\u00e4mtliche\u00a0 Erkrankungen die bei l\u00e4ngerer Zeit an Bord von Raumschiffen auftreten\u00a0 konnten, sollten ohne Arzt und\u00a0 ohne Einnahme von Medikamenten...","protected":false},"author":1,"featured_media":0,"parent":0,"menu_order":0,"comment_status":"closed","ping_status":"closed","template":"","meta":{"footnotes":""},"_links":{"self":[{"href":"https:\/\/iq-well.info\/index.php?rest_route=\/wp\/v2\/pages\/8330"}],"collection":[{"href":"https:\/\/iq-well.info\/index.php?rest_route=\/wp\/v2\/pages"}],"about":[{"href":"https:\/\/iq-well.info\/index.php?rest_route=\/wp\/v2\/types\/page"}],"author":[{"embeddable":true,"href":"https:\/\/iq-well.info\/index.php?rest_route=\/wp\/v2\/users\/1"}],"replies":[{"embeddable":true,"href":"https:\/\/iq-well.info\/index.php?rest_route=%2Fwp%2Fv2%2Fcomments&post=8330"}],"version-history":[{"count":2,"href":"https:\/\/iq-well.info\/index.php?rest_route=\/wp\/v2\/pages\/8330\/revisions"}],"predecessor-version":[{"id":8345,"href":"https:\/\/iq-well.info\/index.php?rest_route=\/wp\/v2\/pages\/8330\/revisions\/8345"}],"wp:attachment":[{"href":"https:\/\/iq-well.info\/index.php?rest_route=%2Fwp%2Fv2%2Fmedia&parent=8330"}],"curies":[{"name":"wp","href":"https:\/\/api.w.org\/{rel}","templated":true}]}}